/(-18). What is the remainder when (-6)/x - 143/(-2) is divided by n?
17
Let c = 19 + -6. Let m be 4/(-6) + (-75)/9. Let d(y) = -6*y - 18. Calculate the remainder when d(m) is divided by c.
10
Suppose d + 24 = -2*u, -2*d + 3*u - 120 = 3*d. Let o = 38 + d. Calculate the remainder when 55 is divided by o.
13
Calculate the remainder when (262 + 42)*(-15)/(-12) is divided by 8.
4
Let u(m) = 9*m + 112. Suppose -3*a + 28 = k, -2*a - 4 - 2 = 0. Calculate the remainder when k is divided by u(-11).
11
Let l be 9 + (-5 - -14)/(-3). Calculate the remainder when 7 + (-38)/l - (-157)/3 is divided by 27.
26
Let o(i) = 10*i**2 + 8*i**2 + 11 + i**2 - 37 - 10*i - i**3. Let p be o(18). Let l = p + -84. Calculate the remainder when 101 is divided by l.
33
Suppose 0 = x + y - 2, -8 = -4*x + 3*y. Suppose 3*m + 2*g = -g + 3, -3*m = x*g - 6. Let s(k) = k**2 + 4*k - 2. What is the remainder when s(-6) is divided by m?
2
Let i(p) = -5*p**3 - 15*p**3 + p - 7*p**2 + 1 + 6*p**2. Calculate the remainder when i(-1) is divided by 4.
3
Suppose n - 4*q - 26 = 0, -5*n - 71 = -9*n + 5*q. What is the remainder when 15 is divided by n?
1
What is the remainder when 27 is divided by (-155)/(-124)*(1 - -11)?
12
Let a(b) = 3*b**2 - 31*b + 10. Let j(u) = 3*u**2 - 32*u + 11. Let h(x) = 7*a(x) - 6*j(x). Calculate the remainder when h(9) is divided by 14.
8
Let r(o) = o**2 + 16*o + 77. Calculate the remainder when 74 is divided by r(-13).
36
Let o be 2*(-5 - -4) - -4. Suppose -3*n + 2*l + 288 = 0, 5*n = o*l + 189 + 287. Calculate the remainder when n is divided by 24.
22
Let z(v) = v**2 - 6. Let p be z(4). Suppose p*g - 118 = 9*g. Calculate the remainder when g is divided by 40.
38
Suppose -4*m - 5 - 3 = 2*a, 4 = -3*a - 2*m. Suppose 0 = -7*s - a + 203. Calculate the remainder when s is divided by 6.
5
Suppose z - 3*u = 113, -7*u = -4*z - 3*u + 428. Calculate the remainder when z is divided by 29.
17
Let w = 1510 - 1489. Calculate the remainder when 352 is divided by w.
16
Let s(m) = m**3 - 6*m**2 + 4*m - 2. Calculate the remainder when 152 is divided by s(6).
20
Suppose 2*u + 1 = -2*w - 1, 5 = -u - 5*w. Suppose u = -3*p + 6*p - 258. What is the remainder when p is divided by 29?
28
Calculate the remainder when 46 is divided by (320/25)/(-8)*-10.
14
Suppose -5*c = -5*n + 230, 2*n - 5*c - 56 = 30. Let k = -10 - 15. Calculate the remainder when n is divided by 8 - 4 - (k + 4).
23
Suppose 3*q = 269 - 218. Calculate the remainder when q is divided by 12.
5
Let f(m) be the third derivative of m**6/120 + 3*m**5/20 + m**4/8 + m**3/3 - m**2. Let s be 12/18*-12*1. Calculate the remainder when f(s) is divided by 11.
9
Suppose 4*x = 3*q + 8, -2*q + 5*x = -5*q - 17. Let n be -1*6*q/8. Suppose -4*v - 28 = -n*r, 3*r + 46 = 7*r - v. What is the remainder when 46 is divided by r?
10
Let j(p) = -p**3 + 17*p**2 - 16*p + 9. Calculate the remainder when 214 is divided by j(16).
7
Let v(b) = 2*b**3 - 6*b**2 + 7*b - 49. Suppose q - 68 = -3*q. What is the remainder when q is divided by v(4)?
6
What is the remainder when (20 - 17) + (-1 - -12) is divided by 4?
2
Let f(p) = -p**3 + 4*p**2 + 7*p - 10. Let h be f(5). Suppose h = -4*x + 34 + 18. Calculate the remainder when 17 is divided by x.
4
Suppose 5*q = q - 3*b + 40, -4*q + 4*b = -40. Calculate the remainder when 4/(-12) + 76/3 is divided by q.
5
Let f(b) = 2*b**2 - 16*b + 4. Let w be f(7). Calculate the remainder when (176/w)/((-12)/30) is divided by 24.
20
Let p = -338 - -493. Suppose -126 + 369 = 3*u + 5*m, 2*u + m - p = 0. Calculate the remainder when u is divided by 26.
24
Let w = -945 - -972. Calculate the remainder when 159 is divided by w.
24
Let z(i) = -2*i**3 + 15*i**2 - 7*i - 14. What is the remainder when z(6) is divided by 33?
19
Let k = 410 - 400. Calculate the remainder when 208 is divided by k.
8
Let w(b) = b**2 - 6*b - 2. Suppose -3*y + 17 + 1 = 0. Let j be w(y). What is the remainder when 99 - (j + 2 - 0) is divided by 25?
24
Let q(y) = 2*y**2 + 11*y + 14. Let z(v) = -v**3 - 16*v**2 - 2*v + 26. What is the remainder when z(-16) is divided by q(-6)?
18
Suppose 5*u - 4*o = 14, -3*u + 36 = u + 3*o. What is the remainder when 32 is divided by u?
2
Let g(o) = -58*o - 151. Suppose 3*u - 7*u + 356 = 0. What is the remainder when u is divided by g(-3)?
20
Let d = -118 + 234. What is the remainder when d is divided by 17?
14
Suppose 0 = 17*j - 669 - 164. What is the remainder when j is divided by 21?
7
Suppose -s - 4*r + 33 = 0, 3*s + 109 = 6*s + 2*r. Calculate the remainder when s is divided by 15 - 1 - (1 - 1).
9
Let c(p) = 27*p - 48*p + 3*p**2 - 8 + 23*p. What is the remainder when c(-4) is divided by 9?
5
Suppose 0 = -4*i - 0 + 4. Let r(j) = 2*j. Calculate the remainder when 6 is divided by r(i).
0
Let n(x) = 2*x**2 - 1. Let w = -2 - 0. What is the remainder when n(w) is divided by (-1)/(1/(-5)) - 1?
3
Suppose -d = 4 - 26. What is the remainder when 80 is divided by d?
14
What is the remainder when (-1*10)/((-72)/36) is divided by 1?
0
Suppose -4*y = 4*l - 80, -3*y + 191 - 103 = -4*l. Calculate the remainder when 4/18 + (-1688)/(-18) is divided by y.
22
Let x(n) be the second derivative of -n**4/12 - 5*n**3/3 - 9*n**2/2 - 7*n. Let q be x(-4). Let j = 29 - q. What is the remainder when 53 is divided by j?
11
Let v(a) = 5*a - 11. Let b = 40 - 29. Calculate the remainder when 131 is divided by v(b).
43
Let c(m) = -2*m**3 + 9*m**2 - m - 6. Let q be c(4). Calculate the remainder when (-38)/(-228) - (-119)/q is divided by 11.
9
Let b(v) = -v**2 + 13*v + 35. Calculate the remainder when b(10) is divided by 49.
16
Suppose 0 = -2*k + 222 + 10. Calculate the remainder when k is divided by 12.
8
Let s = -7 - -13. Let x(v) = 128*v + 931. What is the remainder when x(-7) is divided by s?
5
Let u be 18/30*(2 - -3). Let l = 18 - u. Calculate the remainder when 42 is divided by l.
12
Let i(j) = -j - 3. Let z(d) = -21 - 16*d + d**2 - 2*d**2 + 22. What is the remainder when i(-4) is divided by z(-16)?
0
Suppose 0 = 24*n - 167 - 793. What is the remainder when 106 is divided by n?
26
Let i(r) = -r**3 - 10*r**2 + 10*r - 7. Let k be i(-11). Suppose 0 = -3*u - 1 - 2. What is the remainder when -1 - u/(k/68) is divided by 9?
7
Suppose z = -3*a + 28, -2*a + 166 = 2*z + 3*z. Let g = z - 27. Suppose -13 = -2*y + 13. What is the remainder when y is divided by g?
6
Suppose -131 = -6*x + 103. What is the remainder when 349 is divided by x?
37
Let z = -73 - -125. Let x(j) = 13*j**3 + 4*j**2 - 4*j + 1. Suppose -3*r + 6 = -3*q, 0*r = 4*r - q - 5. What is the remainder when z is divided by x(r)?
10
Suppose 3*a + 24 = i, -25 = -7*a + 2*a. Suppose -5*s = 3*f - 0*s + 50, 0 = -3*f - s - 34. What is the remainder when i is divided by (-576)/(-40) - (-4)/f?
11
Calculate the remainder when 999 is divided by (13 + 12 + -19)*(-50)/(-3).
99
Let a(c) = -c**3 + 10*c**2 + 39*c + 59. Calculate the remainder when a(-5) is divided by 120.
119
Suppose 5*m = 5*p - 518 - 112, -5*p - 4*m = -666. What is the remainder when p is divided by 44?
42
Suppose 4*d - 2 = -3*g + 23, 0 = -5*g + 2*d + 59. Let y(o) = -o**3 + 11*o**2. Let l be y(g). What is the remainder when 30 is divided by l + (3 + 0 - -5)?
6
Let w(d) = 7*d**3 - d + 1. Let y be w(1). Suppose -78 = -j + y. Calculate the remainder when j is divided by 29.
27
Let x(i) = -i**3 - 2*i**2 - 10*i - 6. What is the remainder when x(-4) is divided by 23?
20
Suppose 4*m - 301 = -69. Let t = -861 + 893. Calculate the remainder when m is divided by t.
26
Let p(i) = -5*i**3 + i**2 + 1. Let w be p(1). What is the remainder when 145*(3 - (w + 5)) is divided by 21?
19
Suppose 0 = u - 6*u + 1035. What is the remainder when u is divided by 19?
17
Let p(n) = 29*n**3 + 2*n - 1. Suppose 0 = -3*i - 3*u - 7 - 26, 43 = -5*i + u. Let x be -3*(21/i)/7. Calculate the remainder when p(x) is divided by 16.
14
Suppose 13*a - 680 = 8*a. Let y = -88 + a. What is the remainder when y is divided by 25?
23
Let o be (-50)/2*(-11)/11. Let d = o + 2. Calculate the remainder when d is divided by 14.
13
Let y(u) = -u**3 - 10*u**2 - 14*u + 15. Let q be y(-8). What is the remainder when (-4)/(q + (-46)/(-50)) is divided by 9?
5
Let p(i) = 10*i - 2. Let w be -1*(3 + -3 - 1). Let d(v) = -v + 31. What is the remainder when d(0) is divided by p(w)?
7
Let g = -2 - -12. Calculate the rem